 divided by 560342.
11
Calculate the remainder when 61097 is divided by 6939.
5585
What is the remainder when 195728 is divided by 1813?
1737
Calculate the remainder when 1689796 is divided by 588.
472
Calculate the remainder when 701120 is divided by 33.
2
What is the remainder when 1360025 is divided by 20923?
30
What is the remainder when 80156 is divided by 44?
32
What is the remainder when 12446 is divided by 2426?
316
What is the remainder when 100848 is divided by 6615?
1623
Calculate the remainder when 103660766 is divided by 9.
8
What is the remainder when 538430 is divided by 29911?
32
What is the remainder when 983317 is divided by 1913?
35
Calculate the remainder when 4795924 is divided by 232.
20
What is the remainder when 282045 is divided by 253?
203
Calculate the remainder when 951759 is divided by 10.
9
Calculate the remainder when 47997 is divided by 23817.
363
Calculate the remainder when 7217827 is divided by 304.
259
Calculate the remainder when 8345089 is divided by 1546.
1327
Calculate the remainder when 4038839 is divided by 673128.
71
What is the remainder when 1696794 is divided by 2438?
2384
What is the remainder when 941916 is divided by 4963?
3909
Calculate the remainder when 11718104 is divided by 2235.
2234
What is the remainder when 66495 is divided by 33116?
263
What is the remainder when 49970013 is divided by 12?
9
Calculate the remainder when 173581 is divided by 28817.
679
What is the remainder when 822887489 is divided by 30?
29
Calculate the remainder when 59541857 is divided by 492.
17
What is the remainder when 191949 is divided by 95955?
39
Calculate the remainder when 11828225 is divided by 814.
805
Calculate the remainder when 95668755 is divided by 1678399.
12
Calculate the remainder when 200903 is divided by 1161.
50
Calculate the remainder when 1426641 is divided by 1039.
94
Calculate the remainder when 555450 is divided by 3591.
2436
What is the remainder when 152807 is divided by 931?
123
Calculate the remainder when 5533284 is divided by 109.
8
What is the remainder when 3388377 is divided by 235?
147
Calculate the remainder when 2502910 is divided by 8.
6
What is the remainder when 161326 is divided by 1302?
1180
What is the remainder when 10689384 is divided by 33?
24
What is the remainder when 9269021 is divided by 23?
21
Calculate the remainder when 1846447 is divided by 923209.
29
What is the remainder when 290691 is divided by 2122?
2099
Calculate the remainder when 20814090 is divided by 4162817.
5
What is the remainder when 25934577 is divided by 20?
17
Calculate the remainder when 20035 is divided by 2952.
2323
What is the remainder when 40043221 is divided by 7636?
37
Calculate the remainder when 6560421 is divided by 119276.
241
Calculate the remainder when 2268158 is divided by 2268145.
13
What is the remainder when 2401265 is divided by 1200627?
11
Calculate the remainder when 481765 is divided by 60219.
13
What is the remainder when 178395084 is divided by 155?
4
Calculate the remainder when 99189 is divided by 1195.
4
Calculate the remainder when 258175 is divided by 43017.
73
Calculate the remainder when 939718 is divided by 12047.
52
What is the remainder when 6688 is divided by 1038?
460
What is the remainder when 5386620 is divided by 241?
29
Calculate the remainder when 144388 is divided by 1199.
508
What is the remainder when 111487 is divided by 217?
166
What is the remainder when 20174403 is divided by 480?
3
What is the remainder when 47414154 is divided by 6758?
26
Calculate the remainder when 243324 is divided by 28.
4
What is the remainder when 151289 is divided by 75614?
61
Calculate the remainder when 354434 is divided by 2520.
1634
What is the remainder when 736876 is divided by 147372?
16
Calculate the remainder when 424630 is divided by 84918.
40
What is the remainder when 1085764 is divided by 238?
8
Calculate the remainder when 11125109 is divided by 460.
9
Calculate the remainder when 5032275 is divided by 3907.
59
What is the remainder when 2685652 is divided by 2685591?
61
What is the remainder when 1815807 is divided by 2484?
3
Calculate the remainder when 28377 is divided by 28349.
28
Calculate the remainder when 2349522 is divided by 2349301.
221
Calculate the remainder when 28856307 is divided by 59.
56
What is the remainder when 25945 is divided by 187?
139
What is the remainder when 2503676 is divided by 252?
56
Calculate the remainder when 6707840 is divided by 156.
152
Calculate the remainder when 18347640 is divided by 317.
314
What is the remainder when 832644 is divided by 24426?
2160
Calculate the remainder when 1367606 is divided by 1367584.
22
Calculate the remainder when 4562314 is divided by 1142.
24
What is the remainder when 1058091 is divided by 2437?
433
What is the remainder when 42837 is divided by 1776?
213
What is the remainder when 2537530 is divided by 49?
16
What is the remainder when 102628481 is divided by 279?
5
Calculate the remainder when 11836802 is divided by 7.
5
Calculate the remainder when 252859 is divided by 50447.
624
Calculate the remainder when 1056645 is divided by 52832.
5
Calculate the remainder when 911283 is divided by 182252.
23
Calculate the remainder when 35670961 is divided by 304880.
1
Calculate the remainder when 2711274 is divided by 542241.
69
Calculate the remainder when 104384 is divided by 14826.
602
Calculate the remainder when 1744642 is divided by 4728.
10
What is the remainder when 319859 is divided by 2335?
2299
Calculate the remainder when 1039513 is divided by 125.
13
What is the remainder when 303197282 is divided by 44?
14
Calculate the remainder when 225938 is divided by 147.
146
What is the remainder when 346502021 is divided by 12529?
12526
What is the remainder when 342525 is divided by 68326?
895
What is the remainder when 6968047 is divided by 629?
614
What is the remainder when 3059515 is divided by 437072?
11
Calculate the remainder when 4561206 is divided by 1768.
1534
What is the remainder when 42007 is divided by 20520?
967
Calculate the remainder when 2297568 is divided by 171.
12
Calculate the remainder when 529661 is divided by 10809.
20
What is the remainder when 33351 is divided by 143?
32
What is the remainder when 14501360 is divided by 14501356?
4
Calculate the remainder when 25223437 is divided by 70065.
37
Calculate the remainder when 5266283 is divided by 1755391.
110
Calculate the remainder when 7715187 is divided by 7801.
7799
Calculate the remainder when 322814 is divided by 2709.
443
Calculate the remainder when 212618 is divided by 21.
14
Calculate the remainder when 139061646 is divided by 4550.
4546
What is the remainder when 27647 is divided by 27097?
550
Calculate the remainder when 606752 is divided by 37921.
16
Calculate the remainder when 3288280 is divided by 343.
282
What is the remainder when 205797 is divided by 588?
585
What is the remainder when 114129 is divided by 1679?
1636
What is the remainder when 165731834 is divided by 3695?
3694
Calculate the remainder when 18781733 is divided by 37.
15
What is the remainder when 807561 is divided by 201887?
13
What is the remainder when 86450 is divided by 191?
118
Calculate the remainder when 7190214 is divided by 2628.
6
What is the remainder when 1065090 is divided by 5120?
130
What is the remainder when 30661134 is divided by 89?
11
What is the remainder when 6390151 is divided by 1278030?
1
What is the remainder when 10611695 is divided by 44?
39
What is the remainder when 3373693 is divided by 99?
70
Calculate the remainder when 1178857 is divided by 392856.
289
Calculate the remainder when 3484918 is divided by 9.
1
What is the remainder when 100043 is divided by 667?
660
Calculate the remainder when 117698 is divided by 38661.
1715
Calculate the remainder when 8220740 is divided by 328829.
15
Calculate the remainder when 53792694 is divided by 881847.
27
Calculate the remainder when 27554 is divided by 3708.
1598
Calculate the remainder when 98798 is divided by 3059.
910
Calculate the remainder when 3455420 is divided by 3455281.
139
What is the remainder when 81628 is divided by 6322?
5764
Calculate the remainder when 349539 is divided by 10585.
234
What is the remainder when 9921724 is divided b